s of t.
2, 3
Let s(q) = 2*q**2 - 1 + 0 + 1. Let n be s(1). Suppose -4*v = -g + 6, v - 12 = -4*g + n*g. List the prime factors of g.
2, 3
Suppose -946 - 49 = -5*m. Suppose 2*k + 437 = -m. List the prime factors of k/(-10) - (-2)/10.
2
Suppose -3*c + 5*q + 2034 = 0, -2*q + 4*q = -6. List the prime factors of c.
673
Suppose 9 = -5*g + 4. Let t(q) = q**2 + q + 1. Let w(p) = -4*p**2 - 9*p - 8. Let x(h) = g*t(h) - w(h). List the prime factors of x(-6).
67
Suppose 7*l - 5808 = -5*l. What are the prime factors of l?
2, 11
Let d(w) = 20*w - 5. Let p(y) = -39*y + 9. Let l(r) = 5*d(r) + 2*p(r). What are the prime factors of l(11)?
5, 47
Suppose -6*c - 18 = -1020. Let r = c - 49. What are the prime factors of r?
2, 59
Let c(u) = u**2 - 8*u + 9. Let v be c(7). Let o be (-6)/(-12)*(2 - v). What are the prime factors of o - (-1)/((-3)/(-9))?
3
Let d(k) = 214*k**3 + 9*k**2 + 17*k - 5. Let c(b) = -107*b**3 - 5*b**2 - 9*b + 3. Let v(x) = -11*c(x) - 6*d(x). List the prime factors of v(-1).
2, 3
Let t = 1 - -4. Suppose -t - 3 = -4*v. Suppose v*f + 3*f = 15. List the prime factors of f.
3
List the prime factors of 1 - 3*4/(-3)*257.
3, 7
Suppose 0 = -139*i + 141*i - 156. Suppose 9*l = 12 + i. List the prime factors of l.
2, 5
Let u(p) = -p + 11. Let i be u(-5). Suppose -12*y = -i*y + 40. Let s(m) = m**3 - 10*m**2 + 4*m - 4. What are the prime factors of s(y)?
2, 3
Let x(d) = d**3 + 6*d**2 - 9*d - 10. Let p be x(-7). Let v be (-546)/(1/(6/p)). List the prime factors of v/(-14) + 3/(-2).
3, 19
Let k(z) = -73*z**3 + 2*z**2 + 2*z + 1. Let t(a) = a**3 - 2*a**2 - 2*a + 2. Let m be t(1). List the prime factors of k(m).
2, 37
Let d(j) = 2*j - 1. Let a be d(-1). Let v be (-60)/(-18) - (-1)/a. Suppose -228 = -v*y - 3*y. What are the prime factors of y?
2, 19
List the prime factors of (-36 - -219)*(-1)/(-3)*15.
3, 5, 61
Suppose 2*d - 88 = -9*d. Let s(p) = p**3 - 5*p**2 - 11*p - 1. What are the prime factors of s(d)?
103
Let c be (2/(-3))/(10/(-45)). Let u(h) = h - 2. Let j be u(c). List the prime factors of j + 14 - 1/(-1).
2
Suppose 2*o - 66 = -o. Suppose 3*w - 4 = -4*s, 5*w + 4 - 7 = -3*s. Suppose 23*k - o*k - 60 = w. What are the prime factors of k?
2, 3, 5
Let x(i) = -391*i - 189. What are the prime factors of x(-2)?
593
Suppose -1957 = -16*s + 2427. What are the prime factors of s?
2, 137
Suppose 3*v + 3 = 6*v. Let i be (-1)/(2 - 3) + v. What are the prime factors of (-4*i)/2 - -19?
3, 5
Let g = -134 - -138. What are the prime factors of ((-437)/(-3) - 4/6) + g?
149
Suppose 7*s - 3*s = -4*t + 20, 4*s = 5*t + 20. Suppose 5*k + 343 = 3*y, -3*y + 2*k - 4*k + 329 = 0. Suppose -3*f + y = -t*f. What are the prime factors of f?
37
Let p = -6 - -6. Suppose 73 = -p*l + l. Suppose -3 + l = 5*w. What are the prime factors of w?
2, 7
Let n(d) = -22*d**2 + 2*d - 6. Let b be n(5). Let f be 3 - 1*b/2. Suppose 2*v + p - 51 = 85, 0 = 4*v + 3*p - f. List the prime factors of v.
2, 3, 11
Suppose -4*m + 659 = 4*v - m, -m + 1 = 0. Let z = v - 95. List the prime factors of z.
3, 23
Let s(r) = -r**3 + 7*r**2 + r - 5. Let g be s(7). Let f(k) = 6*k + 5*k - 2*k - 5 + k. List the prime factors of f(g).
3, 5
Let o(p) = p**3 - 10*p**2 + 10*p - 11. Let j(c) = -2*c**2 - 30*c - 18. Let y be j(-14). What are the prime factors of o(y)?
89
List the prime factors of 429 - 4*(-2)/(-4).
7, 61
Suppose 3*u - 3*n = n - 5, -5*u - 4*n = -45. Suppose 3*w + u*s = 18, 39 = 3*w - 0*s - 2*s. Suppose -5*a = -w - 9. What are the prime factors of a?
2
Let f(m) = -698*m + 178. What are the prime factors of f(-3)?
2, 71
Let f(q) = 13*q - 1. Let m(b) = -66*b + 6. Let a(o) = -11*f(o) - 2*m(o). Suppose -3*c + 2*c + 2*y = 14, -4*c = 3*y + 1. List the prime factors of a(c).
43
Let x(n) = 3*n**2 + 3*n + 10. Let r be x(-4). Suppose 2*h - 14 = -3*g + 14, -g + 76 = 4*h. What are the prime factors of r/5*h/8?
23
What are the prime factors of (34/6 + -6)*(-6424 - -1)?
2141
Let d(v) = -v - 5. Let h be d(-4). Let x(m) = 15*m**2 - 5*m + 4. Let o(j) = -4*j**2 + j - 1. Let s(z) = -9*o(z) - 2*x(z). What are the prime factors of s(h)?
2, 3
Let l(z) be the third derivative of -z**6/120 - z**5/15 - 11*z**4/24 + 8*z**3/3 - z**2. List the prime factors of l(-6).
2, 7, 11
Suppose -4*r + 4*i + 188 = -3*r, -r = -i - 194. Suppose -2*a - 2*a = 3*v - 264, 4*a + r = 2*v. List the prime factors of v.
2, 23
Suppose -11*k + 5*b - 21 = -12*k, 0 = -4*k - 3*b + 84. List the prime factors of 1308/k*(-14)/(-4).
2, 109
Suppose 0 = -v + x + 1246, 2*x + 0*x = -8. What are the prime factors of v?
2, 3, 23
Let l be (-36)/((-45)/12 - -3). What are the prime factors of (-16)/l - (-178)/3?
59
Suppose -15*s + 104734 - 29674 = 0. List the prime factors of s.
2, 3, 139
Suppose -p - 2*z = -1484, -4*p = -20*z + 18*z - 5906. List the prime factors of p.
2, 739
Let v(j) = j**2 + 7. Let l(c) = c**3 - 2*c**2. Let d be l(2). Let i be v(d). Suppose -o = -11 - i. List the prime factors of o.
2, 3
Suppose -41*r = -39*r. Suppose r = -3*y + 5*x + 182 + 65, -2*y - 4*x = -172. What are the prime factors of y?
2, 3, 7
Suppose 4*o - 226 = -198. List the prime factors of o.
7
Suppose 23*s - f + 1286 = 24*s, 5*s = 2*f + 6444. What are the prime factors of s?
2, 7, 23
Suppose 3*c + f = 9834, 2*c - 2*f + 2655 - 9219 = 0. What are the prime factors of c?
3, 1093
Let x(i) be the first derivative of -3*i**2/2 + 3*i - 1. Let b = 7 - 12. What are the prime factors of x(b)?
2, 3
Let f(u) = 14*u**2 - 10*u - 21. What are the prime factors of f(-3)?
3, 5
Let t = -672 + 1698. What are the prime factors of t?
2, 3, 19
Let j be (-24)/8*4/(-6). Let q = -73 + 124. Suppose s = 5*l - j*l - 79, 2*l + s = q. List the prime factors of l.
2, 13
Suppose 3*q + 20 = 5*q. Suppose 126 = 4*l - l. Suppose -4*h = q - l. List the prime factors of h.
2
Let g(a) = -a**3 + 7*a**2 + 6*a - 5. Let k be -7*5/70*12. Let z be g(k). Suppose -3*h + 10*h = z. What are the prime factors of h?
61
Let r = 8 - 15. Suppose 3*d - 52 = -d. Let w = r + d. What are the prime factors of w?
2, 3
Let z be 0 - ((-7796)/6 - 4/6). Suppose -11*f + z = -f. List the prime factors of f.
2, 5, 13
Let o = -7 + -65. Let q = -28 - o. What are the prime factors of q?
2, 11
Let q be (1 - (0 - 0))*7747. Suppose 2*z + 1473 = -5*n - 3677, -q = 3*z + 2*n. List the prime factors of z/(-77) + 4/(-7).
3, 11
Let h = 1141 + -668. What are the prime factors of h?
11, 43
Let j(m) = 2*m**2 + 10*m - 12. Let d(f) = -f**2 + 6*f + 14. Let n be d(7). What are the prime factors of j(n)?
2, 3, 13
Let z = 97 - 62. Let v = 115 - z. List the prime factors of v.
2, 5
Let g(t) = -13*t - 5. Let o(n) = -12*n - 4. Let m(i) = 5*g(i) - 6*o(i). Let x be m(2). Suppose -20 = -3*l + x. List the prime factors of l.
11
Suppose 2*n + 4*z - 1387 = -265, -n - 5*z + 555 = 0. What are the prime factors of n?
5, 113
Let h(w) = -16 - 3 + 31*w + 5 - 35*w. List the prime factors of h(-16).
2, 5
Let i(x) = -x**3 - 10*x**2 - 8*x + 12. Let n be i(-9). Suppose 132 = n*s - 3*j, -4*s - j + 39 = -122. List the prime factors of s.
41
Suppose -457*r + 620 = -447*r. List the prime factors of r.
2, 31
Let y = 10 + 2. Suppose 2*g + y = -g. What are the prime factors of g/6*(1 + -19)?
2, 3
Suppose 0*y + 19*y - 24947 = 0. List the prime factors of y.
13, 101
Let m(k) = 3*k**3 + 2*k - 1. Let u be m(1). Suppose -u*p + 398 = 26. Let s = p - 50. List the prime factors of s.
43
Let s(v) = -v**3 + 4*v**2 - 2*v. Let q be s(3). Suppose q*c - 2 = -2*z - 5, 4 = -z - 2*c. What are the prime factors of z?
2, 3
Let k = -299 + 1159. Suppose -4*j + k = j. List the prime factors of j.
2, 43
Suppose -3*h = 47 + 139. Let v = -20 - h. List the prime factors of v.
2, 3, 7
Suppose -5*t - 3*s - 94 = 0, 4*t + 3*s + 44 = -30. Let b = 38 + t. Suppose 4*a - 3*p - 25 = 0, -2*a + 0*p + b = 4*p. List the prime factors of a.
7
Suppose -23*b + 22*b - 3 = 0. Let u be 0 + 30/(-9)*-3. List the prime factors of b/(-5) + 84/u.
3
Suppose 9*s - 4622 - 19822 = 0. What are the prime factors of s?
2, 7, 97
Let c be -2*(-1)/(-2)*0. Let t be c/1 - (-10 - -7). Suppose 0 = -3*h + 4*m - 2*m + 125, 4*h = t*m + 168. List the prime factors of h.
3, 13
Suppose 1160 = -21*s + 41*s. List the prime factors of s.
2, 29
Let m be 0 + (-2)/(-1) + 0. Suppose 37*k = 39*k - 6. Suppose k*u = m*u + 22. What are the prime factors of u?
2, 11
Let z(g) = -g**2 - 12*g - 